camaswx

Site links
:now: :gauges: :yesterday: :graphs: :forecast: :records: :thismonth: :thisyear: :noaa: :links: :about: :warnings: :wunderground: :wundermap: :cams:

 CamasWX NOAA Reports  (updated hourly at the :15 mark)

 This month

                  MONTHLY CLIMATOLOGICAL SUMMARY FOR 11/2012
                                        HEAT  COOL        
     MEAN                               DEG   DEG       WIND SPEED       DOM MEAN  MEAN
DAY  TEMP  HIGH   TIME     LOW   TIME   DAYS  DAYS RAIN AVG  HI  TIME    DIR BAROM HUM
---------------------------------------------------------------------------------------
1    53.9  58.3    14:33  50.4     8:13   10    0  0.53   2  24     9:40 WSW 29.87   91
2    53.6  59.6    11:52  50.2     3:07   10    0  0.16   2  11    10:24 SSE 29.98   90
3    56.2  60.7    13:04  52.3     0:00    8    0  0.22   0  11    13:13 WSW 30.07   93
4    59.8  64.3    14:35  56.7     2:56    4    0  0.04   0  10     1:16 SSE 30.24   92
5    58.0  61.6    15:13  54.1    23:58    6    0  0.11   1  12     5:08   N 30.24   90
6    54.2  55.6    11:13  50.4    23:58   10    0  0.22   1  18    22:30   S 30.03   94
7    48.8  53.5    13:15  45.4     6:17   10    0  0.01   1  11     0:00   N 30.10   83
---------------------------------------------------------------------------------------
TOT  55.1  64.3  11/4/12  45.4  11/7/12   60    0  1.29   1  24  11/1/12   N 30.07   91

HEAT BASE: 65.0
COOL BASE: 65.0

 This Year

                  YEARLY CLIMATOLOGICAL SUMMARY FOR 2012
                                        HEAT  COOL        
     MEAN                               DEG   DEG       WIND SPEED       DOM MEAN  MEAN
MON  TEMP  HIGH   DATE     LOW   DATE   DAYS  DAYS RAIN AVG  HI  DATE    DIR BAROM HUM
---------------------------------------------------------------------------------------
1    39.9  53.8   1/4/12  28.8  1/27/12  693    0  6.98   3  33   1/1/12 WSW 30.11   83
2    42.2  52.5   2/5/12  29.4  2/27/12  601    0  2.86   5  43   2/7/12 SSE 30.09   78
3    47.8  60.1  3/24/12  37.6  3/26/12  745    0  8.30   4  36  3/24/12 SSE 29.68   75
4    51.2  80.7  4/22/12  32.1   4/7/12  394   11  3.46   2  28   4/8/12 WSW 29.98   75
5    56.0  86.5  5/13/12  33.7  5/10/12  830   33  3.84   2  28   5/3/12   N 30.05   66
6    58.8  84.1  6/16/12  43.3  6/14/12  212   36  5.62   2  21  6/17/12   N 29.98   73
7    64.7  86.1   7/8/12  45.4   7/4/12  100   92  0.95   2  18   7/3/12   N 29.99   71
8    68.0  98.0  8/16/12  46.5  8/24/12   78  160  0.02   2  24   8/4/12   N 29.95   64
9    63.8  90.3   9/7/12  35.2  9/17/12  501   93  0.08   2  30  9/12/12   N 30.04   62
10   54.4  79.2  10/1/12  40.5 10/23/12  313    8  8.72   2  34  10/3/12   N 29.98   75
11   55.1  64.3  11/4/12  45.4  11/7/12  673    0  1.29   1  24  11/1/12   N 30.07   91
---------------------------------------------------------------------------------------
TOT  54.8  98.0  8/16/12  28.2   3/7/12 3178  433 41.34   2  43   2/7/12   N 29.99   73

HEAT BASE: 65.0
COOL BASE: 65.0

 Last Year

                  YEARLY CLIMATOLOGICAL SUMMARY FOR 2011
                                        HEAT  COOL        
     MEAN                               DEG   DEG       WIND SPEED       DOM MEAN  MEAN
MON  TEMP  HIGH   DATE     LOW   DATE   DAYS  DAYS RAIN AVG  HI  DATE    DIR BAROM HUM
---------------------------------------------------------------------------------------
1    41.3  55.9  1/14/11  26.0   1/4/11  589    0  5.24   3  31  1/11/11 SSE 30.18   84
2    38.5  53.5   2/6/11  16.7  2/26/11  631    0  4.63   3  32   2/1/11 WSW 30.07   79
3    43.9  60.7  3/31/11  31.2   3/7/11  906    0  9.23   3  42  3/20/11 SSE 29.90   85
4    46.1  69.4  4/23/11  31.8  4/17/11  338    1  6.37   3  26  4/25/11 WSW 30.07   74
5    51.7  72.1  5/20/11  34.6   5/1/11  345    4  5.96   2  24   5/2/11 WSW 30.00   74
6    59.5  83.0   6/4/11  39.1  6/21/11  608   33  2.24   2  27   6/4/11   N 29.98   70
7    63.7  89.7  7/24/11  41.1   7/2/11  496   78  1.09   2  21   7/2/11   N 29.97   69
8    65.9  94.5  8/20/11  51.3   8/1/11   88  114  0.17   2  19   8/4/11   N 29.96   67
9    65.4  93.4   9/7/11  45.5  9/28/11  104  114  1.34   1  32  9/28/11   N 29.98   65
10   53.1  69.1 10/18/11  35.0 10/25/11  662    1  3.85   2  28 10/18/11   N 30.05   83
11   43.5  56.7  11/2/11  29.0 11/20/11 1005    0  6.84   2  27 11/22/11 SSE 30.01   85
12   38.0  54.7 12/28/11  27.0  12/6/11  776    0  3.21   2  26 12/27/11 SSE 30.27   86
---------------------------------------------------------------------------------------
TOT  51.2  94.5  8/20/11  16.7  2/26/11 5261  344 50.17   2  42  3/20/11   N 30.03   77

HEAT BASE: 65.0
COOL BASE: 65.0

 2010

                  YEARLY CLIMATOLOGICAL SUMMARY FOR 2010
                                        HEAT  COOL        
     MEAN                               DEG   DEG       WIND SPEED       DOM MEAN  MEAN
MON  TEMP  HIGH   DATE     LOW   DATE   DAYS  DAYS RAIN AVG  HI  DATE    DIR BAROM HUM
---------------------------------------------------------------------------------------
1    46.5  55.9  1/18/10  36.5  1/27/10  112    0  6.77   4  31  1/18/10 SSE 29.61   72
2    46.2  57.6  2/28/10  33.1  2/22/10  400    0  3.76   3  30  2/18/10 SSE 29.93   76
3    47.8  68.8  3/20/10  30.4  3/18/10  318    0  4.93   3  31  3/19/10 SSE 30.04   68
4    49.2  73.0  4/18/10  34.4  4/10/10  331    2  3.25   3  34  4/10/10 WSW 29.95   70
5    52.9  76.0  5/14/10  38.0   5/4/10  277    9  6.33   2  28   5/3/10   N 30.04   75
6    58.6  82.8  6/23/10  44.3  6/14/10  189   30  6.27   2  27   6/9/10   N 30.04   75
7    64.9  94.7   7/8/10  47.3   7/6/10  193  107  0.54   3  26   7/6/10   N 30.00   66
8    66.4  96.1  8/15/10  46.1  8/20/10   78  109  0.67   3  30  8/14/10   N 29.93   63
9    62.5  86.5   9/3/10  45.8   9/6/10   99   44  2.95   2  30   9/2/10   N 29.95   76
10   49.9  58.0 10/29/10  40.6  11/6/10  142    0  4.60   3  29 10/24/10 SSE 29.86   85
11   43.3  66.4  11/3/10  16.2 11/24/10  575    0  7.49   2  32  11/3/10 SSE 30.06   87
12   40.9  58.6 12/12/10  26.6 12/31/10  811    0  7.88   5  38  12/4/10 SSE 29.88   83
---------------------------------------------------------------------------------------
TOT  46.1  82.4   9/3/10  16.2 11/24/10 1887   12 48.24   3  38  12/4/10   N 29.98   82

HEAT BASE: 65.0
COOL BASE: 65.0

 2009

                  YEARLY CLIMATOLOGICAL SUMMARY FOR 2009
                                        HEAT  COOL        
     MEAN                               DEG   DEG       WIND SPEED       DOM MEAN  MEAN
MON  TEMP  HIGH   DATE     LOW   DATE   DAYS  DAYS RAIN AVG  HI  DATE    DIR BAROM HUM
---------------------------------------------------------------------------------------
1
2
3
4
5
6
7
8
9    63.6  89.0  9/11/09  44.9  9/30/09  112   79  1.91   2  30  9/22/09   N 30.00   64
10   51.5  69.3 10/16/09  38.0 10/13/09  416    1  4.59   2  40 10/13/09 SSE 30.02   76
11   44.9  60.4 11/16/09  33.5 11/14/09  590    0  6.54   2  33 11/16/09 SSE 30.05   85
12   34.8  49.5 12/18/09  14.8  12/9/09  623    0  5.15   4  39 12/26/09 SSE 30.05   70
---------------------------------------------------------------------------------------
TOT  49.0  89.0  9/11/09  14.8  12/9/09 1741   79594.70   2  40 10/13/09 SSE 30.03   75

HEAT BASE: 65.0
COOL BASE: 65.0


Never base important decisions on this weather information!
Visit the National Weather Service.

Page updated 11/7/12 at 18:38
powered by Cumulus & VWS
Edited with Notepad++