Daily noaa report
                            MONTHLY CLIMATOLOGICAL SUMMARY for JAN. 2015

NAME:    CITY:  STATE: 
ELEV:  LAT:  LONG: 

                            TEMPERATURE ( F), RAIN (in.), WIND SPEED (mph)

                                               HEAT     COOL           AVG
      MEAN                                     DEG      DEG            WIND                       DOM
DAY   TEMP    HIGH   TIME     LOW    TIME      DAYS     DAYS    RAIN   SPEED    HIGH    TIME      DIR
----------------------------------------------------------------------------------------------------------------------------------------------------------
01    32.8   041.9   14:54    27.9   06:25     32.1     00.0   00.00   03.7     17.3    07:11     ENE
02    37.9   040.6   09:58    33.8   00:01     27.1     00.0   00.23   08.0     27.6    11:28     ENE
03    38.3   040.4   12:41    37.2   00:00     26.6     00.0   00.08   06.5     21.9    17:51      NE
04    39.9   049.0   23:10    34.4   09:00     25.1     00.0   02.08   16.3     40.3    20:42     ENE
05    44.1   051.9   23:23    39.7   08:17     20.9     00.0   01.22   07.1     26.4    02:39      E 
06    47.3   051.9   00:27    42.0   23:57     17.6     00.0   00.00   07.2     24.1    12:50      NE
07    42.7   048.0   11:45    39.4   05:00     22.3     00.0   00.00   05.5     20.7    06:01      NW
08    41.9   043.6   23:32    39.3   00:39     23.0     00.0   00.00   10.2     25.3    17:04      NW
09    43.7   051.6   14:02    37.5   03:25     21.3     00.0   00.01   04.5     34.5    06:32      E 
10    43.1   045.1   15:16    41.4   03:17     21.8     00.0   00.05   02.0     11.5    08:16     ENE
11    43.4   044.5   13:29    42.3   06:02     21.6     00.0   00.07   04.0     16.1    19:04     ENE
12    43.7   051.4   13:19    38.2   23:03     21.2     00.0   00.02   02.8     16.1    07:04      N 
13    40.9   048.2   12:45    35.7   00:00     24.0     00.0   00.00   07.7     21.9    14:29     NNW
14    39.2   045.5   13:30    32.9   04:37     25.7     00.0   00.00   04.0     17.3    19:58     NNW
15    44.3   052.5   19:17    35.6   03:33     20.6     00.0   00.02   14.3     48.3    15:56     ESE
16    48.4   054.9   12:35    41.0   22:28     16.6     00.0   00.00   09.8     40.3    04:19     SSE
17    44.3   046.9   16:51    41.1   03:33     20.7     00.0   00.44   14.4     33.4    09:04     NNE
18    50.3   054.1   02:02    45.7   00:01     14.7     00.0   00.64   19.9     63.3    07:46      SE
19    47.2   052.9   13:40    41.9   00:00     17.7     00.0   00.02   09.1     25.3    01:48     ESE
20    43.2   051.5   13:41    38.8   00:00     21.7     00.0   00.00   07.2     24.1    10:29     NNW
21    41.0   046.2   15:54    35.0   07:33     23.9     00.0   00.01   05.0     21.9    01:35      N 
22    44.7   048.5   14:01    41.7   07:00     20.2     00.0   00.19   06.3     20.7    22:11      N 
23    51.7   055.1   19:35    46.7   00:01     13.2     00.0   01.04   17.6     43.7    18:13      E 
24    54.3   056.3   17:35    52.5   04:54     10.6     00.0   00.34   09.6     24.1    13:05     ESE
25    51.6   056.5   12:26    46.5   00:00     13.3     00.0   00.00   03.8     14.9    08:20     ENE
26    47.2   052.4   14:23    42.4   08:25     17.7     00.0   00.01   05.1     18.4    16:45     ENE
27    49.0   053.7   14:53    44.3   01:14     16.0     00.0   00.00   05.3     21.9    09:47     SSE
28    46.8   053.7   13:44    39.7   22:43     18.1     00.0   00.00   04.1     12.7    15:48      S 
29    44.1   051.8   13:19    38.6   00:00     20.8     00.0   00.00   05.7     27.6    04:42     NNW
30    42.4   050.8   14:49    36.0   06:21     22.6     00.0   00.00   04.6     19.6    18:59     NNE
----------------------------------------------------------------------------------------------------------------------------------------------------------
44.3 (44.7)   56.5  day 25     27.9  day 01   618.8    000.0   06.47   07.7     63.3   day 18     ENE
Min <=  86: 30
Max Rain: 2.08 ON 4-01-15
Days of Rain: 17 (> .008in) 8 (> .08in) 3 (> 0.8in)