Daily noaa report
                            MONTHLY CLIMATOLOGICAL SUMMARY for AUG. 2014

NAME:    CITY:  STATE: 
ELEV:  LAT:  LONG: 

                            TEMPERATURE ( F), RAIN (in.), WIND SPEED (mph)

                                               HEAT     COOL           AVG
      MEAN                                     DEG      DEG            WIND                       DOM
DAY   TEMP    HIGH   TIME     LOW    TIME      DAYS     DAYS    RAIN   SPEED    HIGH    TIME      DIR
----------------------------------------------------------------------------------------------------------------------------------------------------------
01    68.7   076.8   16:02    62.0   23:29     00.0     03.7   00.00   02.8     12.7    17:32      S 
02    69.0   078.8   19:28    58.1   06:13     00.0     04.0   00.00   04.7     24.1    23:45     SSE
03    69.8   078.8   15:20    60.8   03:28     00.0     04.9   00.00   05.0     18.4    00:04      NW
04    69.7   079.0   16:09    61.2   06:49     00.0     04.8   00.00   05.4     24.1    23:23      SW
05    65.4   074.4   17:29    58.3   06:24     00.0     00.4   00.00   12.1     31.1    08:50     SSE
06    66.4   076.0   17:35    59.1   06:17     00.0     01.4   00.00   08.8     25.3    02:02     SSE
07    65.1   076.7   17:05    57.0   05:36     00.0     00.2   00.00   07.3     19.6    18:41      SE
08    65.3   075.1   14:29    58.0   06:28     00.0     00.4   00.00   09.3     20.7    00:03     SSE
09    64.7   072.8   19:57    54.4   06:51     00.3     00.0   00.00   04.5     19.6    00:47      S 
10    65.0   075.7   13:32    55.0   06:41     00.0     00.1   00.00   03.1     13.8    00:58      SW
11    66.6   078.7   15:13    56.0   06:16     00.0     01.6   00.00   03.0     17.3    23:11      SW
12    66.1   076.7   15:34    62.7   12:57     00.0     01.1   00.01   04.2     21.9    20:57     SSE
13    62.2   066.4   01:57    56.6   00:00     02.7     00.0   00.63   05.9     27.6    01:34     SSE
14    61.4   067.9   14:34    56.7   00:01     03.6     00.0   00.10   02.9     20.7    22:02      SE
15    64.3   072.2   16:27    60.3   03:11     00.7     00.0   00.00   06.5     17.3    18:54      SE
16    63.1   071.7   14:51    58.7   05:54     01.8     00.0   00.00   01.9     08.1    23:58     ESE
17    63.5   072.7   17:35    56.7   06:09     01.5     00.0   00.00   02.6     08.1    17:56     ESE
18    63.7   072.2   13:01    56.4   06:00     01.2     00.0   00.00   02.8     14.9    13:22     WSW
19    66.3   075.7   16:01    60.4   06:22     00.0     01.3   00.00   05.0     24.1    04:06     SSE
20    64.6   071.2   18:16    58.7   02:45     00.4     00.0   00.00   09.0     23.0    08:06     SSE
21    62.9   071.0   16:12    57.0   07:08     02.1     00.0   00.00   09.4     21.9    16:28     SSE
22    62.0   070.4   14:16    52.4   07:08     02.9     00.0   00.00   03.7     13.8    16:08      SE
23    64.1   075.5   16:26    54.9   06:54     00.8     00.0   00.00   03.6     18.4    01:11      S 
24    62.4   070.8   17:27    55.1   05:47     02.5     00.0   00.00   04.5     17.3    07:48      S 
25    64.8   074.0   16:40    57.1   07:26     00.1     00.0   00.00   02.9     12.7    00:57     SSE
26    67.8   079.6   14:35    58.4   06:41     00.0     02.9   00.00   02.8     10.3    23:12     SSE
27    66.0   078.4   16:10    57.7   06:49     00.0     01.0   00.00   05.5     21.9    22:57     SSE
28    65.9   075.6   15:54    59.8   05:58     00.0     01.0   00.00   11.3     25.3    01:24     SSE
29    62.3   067.5   14:33    59.1   07:29     02.7     00.0   00.00   07.8     23.0    13:14      SE
30    62.6   069.5   15:10    58.5   23:39     02.3     00.0   00.00   04.3     16.1    15:17     SSW
31    63.2   072.8   15:17    58.5   06:58     01.8     00.0   00.00   07.9     19.6    19:21     SSE
----------------------------------------------------------------------------------------------------------------------------------------------------------
65.0 (66.0)   79.6  day 26     52.4  day 22   027.3    028.8   00.74   05.5     31.1   day 05     SSE
Min <=  86: 31
Max Rain: 0.63 ON 13-08-14
Days of Rain: 3 (> .008in) 2 (> .08in) 0 (> 0.8in)