Daily noaa report
                            MONTHLY CLIMATOLOGICAL SUMMARY for JUL. 2015

NAME:    CITY:  STATE: 
ELEV:  LAT:  LONG: 

                            TEMPERATURE ( F), RAIN (in.), WIND SPEED (mph)

                                               HEAT     COOL           AVG
      MEAN                                     DEG      DEG            WIND                       DOM
DAY   TEMP    HIGH   TIME     LOW    TIME      DAYS     DAYS    RAIN   SPEED    HIGH    TIME      DIR
----------------------------------------------------------------------------------------------------------------------------------------------------------
01    66.9   075.0   16:45    60.5   05:21     00.0     02.0   00.00   06.9     20.7    13:25     WNW
02    68.1   076.1   20:20    61.7   02:21     00.0     03.1   00.00   05.1     17.3    04:43     WNW
03    68.5   076.5   19:39    62.0   05:59     00.0     03.5   00.00   05.3     21.9    03:28     WNW
04    67.0   075.2   18:56    60.2   06:03     00.0     02.1   00.00   04.1     18.4    02:53     WNW
05    67.3   076.7   16:52    59.6   02:57     00.0     02.4   00.00   06.9     19.6    14:09      NW
06    67.0   075.1   15:46    60.8   05:56     00.0     02.1   00.00   08.2     21.9    23:39      SE
07    64.5   075.0   17:25    59.2   06:23     00.5     00.0   00.00   09.9     23.0    05:33     SSE
08    64.0   072.7   18:51    56.4   05:25     00.9     00.0   00.00   05.7     24.1    00:32     SSE
09    65.7   076.9   17:00    58.5   03:22     00.0     00.7   00.00   07.2     24.1    22:45     SSE
10    65.5   073.0   15:35    61.2   08:01     00.0     00.6   00.00   11.4     39.1    04:14     SSE
11    64.0   067.4   18:13    61.6   23:34     01.0     00.0   00.01   05.7     18.4    12:02     SSE
12    65.6   074.3   15:19    61.2   05:45     00.0     00.7   00.00   04.3     14.9    18:21      S 
13    65.2   074.2   16:50    59.2   00:00     00.0     00.3   00.27   05.0     18.4    17:14     SSE
14    63.4   075.1   16:27    54.2   04:58     01.6     00.0   00.00   04.7     17.3    08:09     SSW
15    64.7   074.8   15:33    58.5   05:42     00.3     00.0   00.00   09.3     26.4    16:09     SSE
16    64.7   071.1   17:56    58.4   05:57     00.2     00.0   00.00   04.6     16.1    22:56     SSW
17    63.7   072.0   17:31    55.2   06:02     01.2     00.0   00.00   03.9     20.7    12:52     WNW
18    66.2   074.7   17:00    56.2   05:54     00.0     01.3   00.00   04.5     17.3    14:27      NW
19    68.6   077.0   15:38    62.3   05:26     00.0     03.6   00.00   04.1     14.9    23:49     NNW
20    67.2   073.7   18:12    61.6   06:28     00.0     02.2   00.00   14.2     38.0    15:27     SSE
21    65.3   073.3   16:52    60.1   02:56     00.0     00.3   00.00   08.1     24.1    17:17     SSE
22    64.4   073.8   16:09    58.0   06:27     00.6     00.0   00.00   10.5     27.6    11:09     SSE
23    65.7   074.6   14:44    57.8   06:10     00.0     00.8   00.00   08.9     23.0    12:57     SSE
24    61.4   063.7   17:06    59.5   09:08     03.5     00.0   00.54   08.4     24.1    08:19     SSE
25    62.4   067.9   12:24    58.2   03:17     02.6     00.0   00.09   09.8     27.6    18:00     SSE
26    62.2   067.9   12:44    58.3   00:00     02.7     00.0   00.00   06.7     19.6    06:01      S 
27    63.3   069.9   16:42    57.2   01:35     01.7     00.0   00.00   06.8     18.4    22:48      S 
28    64.7   071.8   19:46    58.9   04:21     00.2     00.0   00.00   06.9     21.9    04:35     SSE
----------------------------------------------------------------------------------------------------------------------------------------------------------
65.3 (66.2)   77.0  day 19     54.2  day 14   016.8    025.7   00.92   07.0     39.1   day 20      S 
Min <=  86: 28
Max Rain: 0.54 ON 24-07-15
Days of Rain: 4 (> .008in) 3 (> .08in) 0 (> 0.8in)