Daily noaa report
                            MONTHLY CLIMATOLOGICAL SUMMARY for MAR. 2015

NAME:    CITY:  STATE: 
ELEV:  LAT:  LONG: 

                            TEMPERATURE ( F), RAIN (in.), WIND SPEED (mph)

                                               HEAT     COOL           AVG
      MEAN                                     DEG      DEG            WIND                       DOM
DAY   TEMP    HIGH   TIME     LOW    TIME      DAYS     DAYS    RAIN   SPEED    HIGH    TIME      DIR
----------------------------------------------------------------------------------------------------------------------------------------------------------
15    45.1   054.5   20:00    43.5   21:02     19.8     00.0   00.98   13.0     40.3    19:06      N 
16    48.3   060.2   16:18    40.7   05:17     16.6     00.0   00.03   09.0     29.9    13:38     NNE
17    48.9   055.3   13:28    41.8   08:00     16.0     00.0   00.00   05.2     24.1    01:21     ESE
18    52.4   060.0   14:02    48.2   03:20     12.6     00.0   00.00   05.0     18.4    05:11      SE
19    51.7   056.4   13:37    48.6   08:11     13.3     00.0   00.24   07.5     31.1    23:49      NE
20    52.7   057.6   14:14    49.5   06:08     12.2     00.0   00.23   19.1     52.9    14:35      SE
21    52.6   057.4   16:19    48.1   09:33     12.4     00.0   00.41   10.3     40.3    08:11     SSE
22    49.2   054.5   15:00    44.3   07:52     15.7     00.0   00.03   09.4     31.1    16:02     ESE
23    48.6   055.7   12:45    43.0   07:20     16.3     00.0   00.16   06.8     24.1    17:45     ESE
24    49.9   056.9   15:44    43.9   07:53     15.1     00.0   00.19   04.8     17.3    23:44     SSE
25    51.3   054.1   21:26    47.5   05:53     13.6     00.0   01.17   14.3     36.8    04:09      SE
26    56.4   062.9   11:49    50.4   23:59     08.5     00.0   00.00   05.7     21.9    04:14      S 
27    54.3   062.9   15:15    48.1   05:59     10.7     00.0   00.64   04.6     31.1    23:23     WSW
28    53.5   057.4   11:46    51.1   08:05     11.4     00.0   00.02   13.5     44.9    02:48      SW
29    53.1   055.3   13:00    51.2   08:58     11.9     00.0   00.57   13.0     39.1    11:45      SE
----------------------------------------------------------------------------------------------------------------------------------------------------------
51.2 (52.0)   62.9  day 27     40.7  day 16   206.0    000.0   05.33   09.4     52.9   day 28      SE
Min <=  86: 15
Max Rain: 1.17 ON 25-03-15
Days of Rain: 12 (> .008in) 9 (> .08in) 2 (> 0.8in)