Daily noaa report
                            MONTHLY CLIMATOLOGICAL SUMMARY for NOV. 2014

NAME:    CITY:  STATE: 
ELEV:  LAT:  LONG: 

                            TEMPERATURE ( F), RAIN (in.), WIND SPEED (mph)

                                               HEAT     COOL           AVG
      MEAN                                     DEG      DEG            WIND                       DOM
DAY   TEMP    HIGH   TIME     LOW    TIME      DAYS     DAYS    RAIN   SPEED    HIGH    TIME      DIR
----------------------------------------------------------------------------------------------------------------------------------------------------------
01    47.3   053.3   17:08    41.2   08:08     17.7     00.0   00.00   03.1     14.9    00:00     ESE
02    50.8   053.9   13:46    48.5   04:31     14.1     00.0   00.16   10.8     25.3    12:18      E 
03    53.5   055.9   23:24    50.5   06:33     11.4     00.0   00.66   15.2     48.3    22:15     ESE
04    54.6   059.2   14:43    51.1   22:55     10.3     00.0   00.41   11.2     41.4    00:56      S 
05    52.6   056.6   16:49    49.3   07:56     12.3     00.0   00.08   08.6     27.6    10:44     ENE
06    57.0   062.3   11:02    53.3   03:54     08.0     00.0   00.23   21.7     55.2    11:10     SSE
07    51.7   059.2   12:37    43.4   22:27     13.3     00.0   00.00   04.4     27.6    00:02     ESE
08    44.9   049.9   13:39    39.0   05:08     20.0     00.0   00.00   02.4     11.5    10:28      NE
09    49.1   053.5   16:02    44.7   22:49     15.8     00.0   00.32   10.5     33.4    07:32      W 
10    46.0   055.6   14:03    40.5   05:28     18.9     00.0   00.00   08.2     32.2    08:48     NNE
11    41.3   046.8   12:24    36.3   00:00     23.7     00.0   00.00   20.3     49.5    08:38      E 
12    38.7   046.9   13:37    34.2   07:48     26.3     00.0   00.00   19.4     44.9    06:18      NE
13    38.4   045.8   13:48    34.3   07:43     26.6     00.0   00.00   16.9     46.0    10:16      NE
14    38.1   045.3   13:40    34.2   04:10     26.8     00.0   00.00   16.3     38.0    23:09      NE
15    36.3   046.6   13:48    29.7   21:02     28.7     00.0   00.00   12.6     42.5    10:32     ENE
16    36.0   047.3   13:09    30.2   21:00     28.9     00.0   00.00   07.4     31.1    04:09      NE
17    37.1   050.1   13:34    28.8   05:20     27.9     00.0   00.00   02.9     18.4    05:38      NE
18    40.2   049.4   15:33    31.1   00:01     24.8     00.0   00.00   02.2     17.3    02:16     NNW
19    45.2   054.1   12:18    37.9   01:28     19.7     00.0   00.00   04.9     23.0    23:59      N 
20    50.0   052.3   14:55    46.0   00:05     15.0     00.0   00.04   13.0     33.4    02:53      SE
21    51.7   054.0   06:19    49.7   19:13     13.2     00.0   00.44   21.3     49.5    14:11     ESE
22    49.4   053.1   13:13    46.9   18:38     15.6     00.0   00.02   10.6     28.8    00:04     SSE
23    49.0   054.2   13:13    41.9   23:38     15.9     00.0   00.23   15.3     43.7    06:00      SE
24    47.7   050.4   13:32    42.5   00:08     17.3     00.0   00.37   13.6     39.1    16:36     ESE
----------------------------------------------------------------------------------------------------------------------------------------------------------
46.1 (46.7)   62.3  day 06     28.8  day 17   452.1    000.0   02.98   11.4     55.2   day 06      E 
Min <=  86: 24
Max Rain: 0.66 ON 3-11-14
Days of Rain: 11 (> .008in) 8 (> .08in) 0 (> 0.8in)