Daily noaa report
                            MONTHLY CLIMATOLOGICAL SUMMARY for FEB. 2015

NAME:    CITY:  STATE: 
ELEV:  LAT:  LONG: 

                            TEMPERATURE ( F), RAIN (in.), WIND SPEED (mph)

                                               HEAT     COOL           AVG
      MEAN                                     DEG      DEG            WIND                       DOM
DAY   TEMP    HIGH   TIME     LOW    TIME      DAYS     DAYS    RAIN   SPEED    HIGH    TIME      DIR
----------------------------------------------------------------------------------------------------------------------------------------------------------
01    46.4   049.1   17:00    42.7   01:45     18.6     00.0   00.10   09.9     38.0    12:38      E 
02    47.4   049.5   12:23    45.2   09:00     17.5     00.0   00.10   06.2     23.0    23:10     SSE
03    48.5   050.8   15:58    46.7   07:53     16.4     00.0   00.13   04.0     19.6    01:35     ENE
04    45.8   048.0   14:23    42.4   08:33     19.2     00.0   00.16   10.3     26.4    18:35     ESE
05    53.0   058.6   22:32    45.8   00:32     11.9     00.0   00.27   19.8     52.9    22:31     SSE
06    56.0   058.5   01:31    53.0   17:54     08.9     00.0   00.11   23.2     56.4    07:39      SE
07    52.8   056.3   03:32    51.1   09:32     12.1     00.0   00.48   11.5     32.2    00:44      E 
08    54.6   061.5   13:13    50.7   05:21     10.4     00.0   00.17   14.2     32.2    18:11      E 
09    51.9   054.9   15:50    49.6   06:17     13.0     00.0   00.30   08.2     31.1    06:28      SE
10    51.3   054.1   14:08    47.4   20:42     13.7     00.0   00.19   05.6     20.7    14:43     ENE
11    49.6   056.3   14:36    46.9   06:49     15.4     00.0   00.00   04.4     20.7    07:29      NE
12    50.7   053.3   14:24    48.5   00:19     14.3     00.0   00.11   05.3     21.9    11:20     NNE
13    52.0   056.1   13:26    50.0   20:23     13.0     00.0   00.11   06.5     24.1    04:43      W 
14    48.5   053.6   12:46    40.7   22:39     16.4     00.0   00.00   04.8     25.3    10:49      NW
15    45.3   052.5   14:42    40.0   08:42     19.6     00.0   00.00   06.9     21.9    19:16     NNW
16    48.4   058.0   12:20    43.5   01:41     16.5     00.0   00.00   11.6     36.8    04:33      N 
17    46.9   053.0   14:48    41.6   07:48     18.0     00.0   00.00   07.6     24.1    12:41     SSE
18    48.1   056.3   14:07    39.8   07:32     16.8     00.0   00.00   07.7     27.6    15:21     SSE
19    49.6   051.9   16:07    47.5   06:20     15.4     00.0   00.00   05.1     17.3    15:00      S 
20    47.7   052.4   12:24    40.2   00:00     17.2     00.0   00.00   03.6     16.1    11:44      NW
21    46.8   059.6   14:25    37.3   02:39     18.1     00.0   00.00   09.9     38.0    15:06     SSE
22    44.2   052.2   15:02    37.9   00:00     20.7     00.0   00.00   05.8     26.4    04:21      SW
23    41.8   052.2   15:08    33.6   06:18     23.1     00.0   00.00   02.7     10.3    04:22      E 
24    43.8   051.7   14:46    37.3   07:47     21.2     00.0   00.00   03.4     14.9    23:54      NE
25    44.4   046.8   22:04    41.6   01:28     20.5     00.0   00.08   04.4     12.7    00:15     ENE
26    47.3   052.4   16:11    44.8   07:22     17.6     00.0   00.01   05.4     23.0    23:41      NE
----------------------------------------------------------------------------------------------------------------------------------------------------------
48.6 (49.0)   61.5  day 08     33.6  day 23   425.6    000.0   02.31   08.0     56.4   day 06     ESE
Min <=  86: 26
Max Rain: 0.48 ON 7-02-15
Days of Rain: 14 (> .008in) 12 (> .08in) 0 (> 0.8in)