Daily noaa report
                            MONTHLY CLIMATOLOGICAL SUMMARY for JUL. 2014

NAME:    CITY:  STATE: 
ELEV:  LAT:  LONG: 

                            TEMPERATURE ( F), RAIN (in.), WIND SPEED (mph)

                                               HEAT     COOL           AVG
      MEAN                                     DEG      DEG            WIND                       DOM
DAY   TEMP    HIGH   TIME     LOW    TIME      DAYS     DAYS    RAIN   SPEED    HIGH    TIME      DIR
----------------------------------------------------------------------------------------------------------------------------------------------------------
01    64.0   078.4   15:15    53.4   05:49     00.9     00.0   00.00   04.2     18.4    20:09     WSW
02    67.2   075.3   17:45    59.8   23:58     00.0     02.3   00.00   11.6     32.2    16:29      SE
04    62.3   070.7   16:49    52.9   05:26     02.7     00.0   00.01   07.5     26.4    01:54     SSE
05    62.0   066.7   10:32    57.4   05:14     02.9     00.0   00.02   02.8     13.8    22:49      SW
06    65.0   074.1   15:58    59.5   01:57     00.0     00.1   00.01   02.7     12.7    21:37     WNW
07    66.3   076.9   14:47    59.0   04:27     00.0     01.4   00.00   04.6     18.4    08:24     WNW
08    67.3   078.9   18:54    58.6   03:54     00.0     02.4   00.00   05.2     14.9    20:38     SSW
09    67.1   076.1   20:00    59.0   06:17     00.0     02.2   00.00   06.4     23.0    09:11      W 
10    66.8   074.8   16:28    58.4   01:30     00.0     01.8   00.00   06.2     24.1    02:34     WNW
11    67.5   078.3   19:57    56.0   05:33     00.0     02.5   00.00   04.0     18.4    22:08     SSW
12    68.6   081.5   17:13    62.3   08:20     00.0     03.7   00.00   05.3     20.7    04:10     ESE
13    66.5   078.4   15:07    56.2   05:32     00.0     01.5   00.00   05.2     20.7    21:56      E 
14    67.2   078.5   16:06    59.3   05:31     00.0     02.3   00.00   08.9     24.1    20:30      SE
15    65.1   076.9   18:37    56.8   06:13     00.0     00.2   00.00   06.5     25.3    02:10      SE
16    64.6   077.3   18:01    55.0   03:45     00.4     00.0   00.00   03.7     17.3    23:13      S 
17    63.9   073.2   15:29    57.0   06:34     01.0     00.0   00.00   08.6     26.4    10:31      S 
18    63.6   073.8   14:43    56.1   05:43     01.4     00.0   00.00   10.3     27.6    19:39     SSE
19    64.0   072.0   16:35    59.3   08:16     01.0     00.0   00.05   13.1     28.8    13:11     SSE
20    62.9   071.0   14:48    58.7   23:35     02.0     00.0   00.00   08.5     21.9    07:29     SSE
21    64.2   073.6   17:58    56.8   03:32     00.8     00.0   00.00   06.9     23.0    07:18     SSE
22    62.5   069.6   12:02    56.3   06:23     02.4     00.0   00.01   05.2     16.1    13:38     ESE
23    59.0   064.5   11:06    54.7   04:05     05.9     00.0   00.78   06.8     23.0    19:49      SE
24    60.6   069.0   17:59    55.8   09:24     04.3     00.0   00.30   09.5     24.1    02:12      SE
25    61.5   071.1   16:12    54.9   04:16     03.4     00.0   00.00   04.6     17.3    00:11     SSE
26    62.7   070.6   16:48    54.3   03:09     02.3     00.0   00.00   03.8     12.7    05:18     SSE
27    63.6   074.4   14:33    53.3   06:32     01.4     00.0   00.00   03.4     13.8    23:22      SW
----------------------------------------------------------------------------------------------------------------------------------------------------------
64.5 (65.5)   81.5  day 12     52.9  day 04   032.7    020.3   01.20   06.4     32.2   day 02     SSE
Min <=  86: 26
Max Rain: 0.78 ON 23-07-14
Days of Rain: 7 (> .008in) 2 (> .08in) 0 (> 0.8in)