Daily noaa report
                            MONTHLY CLIMATOLOGICAL SUMMARY for DEC. 2014

NAME:    CITY:  STATE: 
ELEV:  LAT:  LONG: 

                            TEMPERATURE ( F), RAIN (in.), WIND SPEED (mph)

                                               HEAT     COOL           AVG
      MEAN                                     DEG      DEG            WIND                       DOM
DAY   TEMP    HIGH   TIME     LOW    TIME      DAYS     DAYS    RAIN   SPEED    HIGH    TIME      DIR
----------------------------------------------------------------------------------------------------------------------------------------------------------
01    30.4   038.4   14:53    23.9   05:24     34.6     00.0   00.00   06.6     24.1    01:24     NNE
02    34.0   041.3   13:56    27.5   04:33     30.9     00.0   00.00   09.4     27.6    05:03      NE
03    36.2   046.1   14:08    28.4   00:50     28.8     00.0   00.00   06.9     29.9    22:55      NE
04    38.2   042.1   13:40    36.0   05:09     26.7     00.0   00.11   07.3     27.6    20:34      NE
05    41.5   044.9   16:40    37.6   02:19     23.4     00.0   00.02   13.4     33.4    10:54     ENE
06    48.9   050.7   07:45    44.2   00:32     16.0     00.0   00.56   13.1     38.0    03:02     SSE
07    48.0   053.6   13:52    44.8   08:19     17.0     00.0   00.00   13.9     31.1    18:41     ENE
08    51.8   058.0   14:17    46.5   04:14     13.1     00.0   00.37   16.2     61.0    21:44     ESE
09    57.4   060.4   09:11    54.5   17:24     07.5     00.0   00.13   21.6     62.1    08:55      SE
10    56.3   064.3   11:02    50.3   22:58     08.7     00.0   00.92   23.5     59.8    12:27      SE
11    50.2   056.7   20:28    46.9   17:28     14.7     00.0   00.29   19.4     71.3    21:18      E 
12    50.6   055.7   13:07    44.9   20:21     14.3     00.0   00.01   08.8     54.0    00:29     SSE
13    45.5   049.3   15:06    39.3   19:56     19.5     00.0   00.00   03.8     26.4    22:29     SSE
14    41.6   050.6   13:55    35.0   05:58     23.3     00.0   00.00   12.0     34.5    19:04      NE
15    43.2   052.3   13:25    37.4   05:26     21.7     00.0   00.00   12.6     36.8    02:12      NE
16    44.5   046.6   13:38    42.4   09:15     20.4     00.0   00.02   12.1     25.3    22:13      NE
17    44.2   047.5   13:52    42.2   05:25     20.7     00.0   00.03   04.2     19.6    09:39      NE
18    48.1   054.0   22:16    43.5   00:28     16.9     00.0   00.08   13.9     44.9    22:41     ESE
19    49.1   051.3   14:47    46.7   08:52     15.9     00.0   00.35   16.0     40.3    20:18      SE
----------------------------------------------------------------------------------------------------------------------------------------------------------
45.2 (45.7)   64.3  day 10     23.9  day 01   374.1    000.0   02.89   12.3     71.3   day 11      E 
Min <=  86: 19
Max Rain: 0.92 ON 10-12-14
Days of Rain: 12 (> .008in) 7 (> .08in) 1 (> 0.8in)