Daily noaa report
                            MONTHLY CLIMATOLOGICAL SUMMARY for APR. 2014

NAME:    CITY:  STATE: 
ELEV:  LAT:  LONG: 

                            TEMPERATURE ( F), RAIN (in.), WIND SPEED (mph)

                                               HEAT     COOL           AVG
      MEAN                                     DEG      DEG            WIND                       DOM
DAY   TEMP    HIGH   TIME     LOW    TIME      DAYS     DAYS    RAIN   SPEED    HIGH    TIME      DIR
----------------------------------------------------------------------------------------------------------------------------------------------------------
01    48.5   055.8   16:54    42.6   23:35     16.5     00.0   00.00   06.9     24.1    01:48     NNW
02    49.1   055.5   15:04    44.6   23:59     15.8     00.0   00.00   08.1     20.7    16:17     SSE
03    48.7   052.9   14:55    44.1   07:11     16.2     00.0   00.00   16.2     44.9    13:09      SE
04    50.0   056.5   17:23    46.3   05:27     14.9     00.0   00.00   10.1     24.1    20:53     SSE
05    48.8   051.4   11:26    46.7   06:17     16.1     00.0   00.12   10.4     26.4    18:54      SE
06    50.2   055.1   14:54    46.5   07:11     14.7     00.0   00.00   05.7     19.6    00:52     SSW
07    52.5   062.3   12:05    46.4   00:00     12.4     00.0   00.03   05.7     18.4    10:17     NNE
08    51.3   054.5   14:42    46.3   00:04     13.6     00.0   00.15   09.0     25.3    22:29     SSE
09    48.8   057.3   15:27    42.0   07:29     16.1     00.0   00.01   06.6     23.0    00:39      SW
10    48.6   056.3   16:27    44.3   05:27     16.3     00.0   00.00   05.4     17.3    09:20     SSE
11    51.5   060.1   16:53    45.9   03:48     13.5     00.0   00.00   08.1     25.3    14:17      SE
12    50.3   058.2   16:34    43.8   00:00     14.7     00.0   00.00   08.3     24.1    12:36     WNW
13    50.7   060.4   15:44    42.4   23:56     14.3     00.0   00.00   08.0     33.4    07:17     NNE
14    50.7   063.6   15:40    40.8   01:47     14.3     00.0   00.00   05.9     24.1    21:18     SSE
15    51.6   057.7   13:20    47.0   07:06     13.3     00.0   00.12   11.5     27.6    02:51     SSW
16    49.9   052.7   16:54    47.6   01:47     15.0     00.0   00.44   12.0     28.8    13:53      SE
17    49.9   054.4   15:00    45.2   00:00     15.0     00.0   00.66   13.8     36.8    20:43     SSE
----------------------------------------------------------------------------------------------------------------------------------------------------------
50.1 (50.8)   63.6  day 14     40.8  day 14   252.9    000.0   01.55   08.9     44.9   day 03     SSE
Min <=  86: 17
Max Rain: 0.66 ON 17-04-14
Days of Rain: 7 (> .008in) 5 (> .08in) 0 (> 0.8in)