Daily noaa report
                            MONTHLY CLIMATOLOGICAL SUMMARY for MAY. 2015

NAME:    CITY:  STATE: 
ELEV:  LAT:  LONG: 

                            TEMPERATURE ( F), RAIN (in.), WIND SPEED (mph)

                                               HEAT     COOL           AVG
      MEAN                                     DEG      DEG            WIND                       DOM
DAY   TEMP    HIGH   TIME     LOW    TIME      DAYS     DAYS    RAIN   SPEED    HIGH    TIME      DIR
----------------------------------------------------------------------------------------------------------------------------------------------------------
01    55.8   062.5   16:29    49.2   06:43     09.2     00.0   00.00   06.3     32.2    23:48     WSW
02    53.7   060.7   16:48    44.7   23:59     11.3     00.0   00.00   11.1     36.8    01:06      W 
03    52.0   064.1   15:35    41.8   06:16     12.9     00.0   00.00   03.9     17.3    12:48     WNW
04    54.0   064.5   15:05    46.7   00:24     11.0     00.0   00.17   10.8     31.1    19:24     SSE
05    51.8   058.5   16:19    47.8   07:34     13.1     00.0   00.11   08.5     24.1    10:00     SSE
06    52.8   061.2   17:21    47.1   23:59     12.1     00.0   00.00   05.9     18.4    13:04      W 
07    53.0   063.7   15:39    43.7   06:23     11.9     00.0   00.00   03.6     13.8    09:45      W 
08    56.0   067.7   16:32    46.6   06:26     08.9     00.0   00.00   05.2     19.6    14:24      NW
09    58.8   070.8   16:21    49.3   06:09     06.2     00.0   00.00   03.4     13.8    06:18     ENE
10    58.3   065.2   16:56    52.4   05:58     06.6     00.0   00.00   07.3     23.0    23:39      SE
11    56.8   063.6   16:41    52.6   05:45     08.2     00.0   00.00   10.2     23.0    10:29      SE
12    57.6   065.5   16:58    51.6   06:10     07.4     00.0   00.01   07.2     21.9    12:40     SSE
13    56.1   061.1   13:57    52.3   23:21     08.8     00.0   00.04   10.8     26.4    14:22      SE
14    56.5   063.0   16:17    51.6   23:47     08.4     00.0   00.00   04.9     20.7    00:08     SSE
15    57.7   065.1   14:17    51.4   03:35     07.2     00.0   00.00   05.4     18.4    23:37      S 
16    58.0   063.9   16:43    54.6   03:11     06.9     00.0   00.00   09.8     23.0    19:19      SE
17    58.8   066.3   14:32    54.4   02:37     06.2     00.0   00.00   05.4     21.9    01:43     SSE
18    59.1   069.6   15:45    51.0   06:12     05.8     00.0   00.00   03.5     17.3    13:58     WNW
19    58.2   066.1   17:13    52.9   06:18     06.7     00.0   00.00   07.6     24.1    23:25      SE
20    58.0   066.0   18:05    52.2   04:46     07.0     00.0   00.00   06.0     21.9    00:37      SE
21    59.3   069.0   15:20    51.0   06:13     05.7     00.0   00.00   04.9     18.4    23:26      SE
22    58.2   064.6   17:23    54.1   06:48     06.7     00.0   00.00   10.7     26.4    01:13      SE
23    56.4   061.9   17:18    54.4   06:40     08.6     00.0   00.00   08.0     18.4    18:28     SSE
24    58.2   064.2   15:34    53.8   07:02     06.8     00.0   00.00   09.7     23.0    12:43      SE
25    57.4   064.8   16:16    52.8   06:58     07.5     00.0   00.00   08.4     25.3    06:21     SSE
----------------------------------------------------------------------------------------------------------------------------------------------------------
56.5 (57.5)   70.8  day 09     41.8  day 03   211.0    000.0   00.34   07.2     36.8   day 02     SSE
Min <=  86: 25
Max Rain: 0.17 ON 4-05-15
Days of Rain: 4 (> .008in) 2 (> .08in) 0 (> 0.8in)