Daily noaa report
                            MONTHLY CLIMATOLOGICAL SUMMARY for AUG. 2015

NAME:    CITY:  STATE: 
ELEV:  LAT:  LONG: 

                            TEMPERATURE ( F), RAIN (in.), WIND SPEED (mph)

                                               HEAT     COOL           AVG
      MEAN                                     DEG      DEG            WIND                       DOM
DAY   TEMP    HIGH   TIME     LOW    TIME      DAYS     DAYS    RAIN   SPEED    HIGH    TIME      DIR
----------------------------------------------------------------------------------------------------------------------------------------------------------
01    64.5   073.9   16:31    55.9   04:29     00.4     00.0   00.00   03.7     16.1    07:01     WNW
02    65.4   073.5   16:11    59.4   02:52     00.0     00.4   00.00   03.6     13.8    08:32      SW
03    65.3   079.1   15:50    55.7   04:04     00.0     00.4   00.00   06.0     25.3    14:22     SSE
04    64.5   072.8   18:43    57.6   06:45     00.4     00.0   00.00   06.5     20.7    19:07     SSE
05    60.5   066.4   18:59    58.3   05:55     04.4     00.0   00.05   11.4     33.4    08:03     SSE
06    63.7   071.2   15:34    58.5   06:19     01.3     00.0   00.00   05.1     17.3    09:35      SE
07    64.2   075.6   17:47    56.8   07:00     00.7     00.0   00.00   04.5     13.8    08:18     SSE
08    65.2   071.6   11:54    59.8   06:21     00.0     00.3   00.00   07.5     25.3    20:32      S 
09    67.1   075.1   16:53    60.1   00:00     00.0     02.2   00.00   05.7     20.7    05:54      NW
10    63.1   073.5   17:27    56.1   04:31     01.8     00.0   00.00   02.3     14.9    12:11     NNE
11    65.3   074.2   14:29    56.4   07:08     00.0     00.3   00.00   03.8     14.9    15:40      N 
12    66.2   079.1   14:54    57.2   05:45     00.0     01.3   00.00   04.1     18.4    14:20     SSE
13    67.1   074.4   13:34    60.5   06:22     00.0     02.2   00.00   06.1     20.7    02:07     SSW
14    60.4   062.3   18:22    58.2   06:47     04.6     00.0   00.08   09.4     28.8    07:00     SSE
15    63.4   069.9   14:34    57.8   23:59     01.6     00.0   00.00   07.6     24.1    04:32     SSW
16    62.3   071.2   16:59    54.6   03:40     02.6     00.0   00.00   03.5     13.8    11:35     NNE
17    62.3   072.0   14:39    54.4   06:56     02.7     00.0   00.00   03.4     16.1    13:18      NW
18    63.6   071.9   14:07    56.1   07:04     01.3     00.0   00.00   04.9     20.7    15:09     WNW
20    67.4   083.7   17:11    59.5   23:57     00.0     02.4   00.00   06.0     26.4    23:03     SSE
21    64.1   072.4   15:48    57.7   23:55     00.8     00.0   00.00   06.0     21.9    10:22     SSW
22    63.9   072.3   14:56    56.2   01:24     01.1     00.0   00.00   06.4     25.3    04:45      NW
23    63.2   073.0   14:29    52.4   06:28     01.8     00.0   00.00   03.3     17.3    22:56     SSW
24    64.1   072.3   16:11    57.7   06:49     00.9     00.0   00.00   08.2     24.1    17:43     SSE
25    63.0   072.8   17:28    56.2   23:59     02.0     00.0   00.00   04.5     17.3    03:11     WNW
26    61.6   071.2   15:48    51.8   06:33     03.3     00.0   00.00   02.6     11.5    23:02     ESE
27    65.0   074.5   16:24    59.7   06:17     00.0     00.0   00.00   04.3     18.4    12:36      S 
28    64.1   070.4   15:19    60.2   08:01     00.8     00.0   00.38   05.4     21.9    10:18     SSE
29    64.0   073.1   11:54    60.5   23:58     01.0     00.0   00.54   18.0     66.7    11:37     SSE
30    62.4   071.1   16:04    57.5   06:50     02.5     00.0   00.10   10.8     29.9    23:45     SSE
----------------------------------------------------------------------------------------------------------------------------------------------------------
64.0 (65.1)   83.7  day 19     51.8  day 26   036.0    009.6   01.15   06.0     66.7   day 29      S 
Min <=  86: 29
Max Rain: 0.54 ON 29-08-15
Days of Rain: 5 (> .008in) 3 (> .08in) 0 (> 0.8in)