Daily noaa report
                            MONTHLY CLIMATOLOGICAL SUMMARY for SEP. 2014

NAME:    CITY:  STATE: 
ELEV:  LAT:  LONG: 

                            TEMPERATURE ( F), RAIN (in.), WIND SPEED (mph)

                                               HEAT     COOL           AVG
      MEAN                                     DEG      DEG            WIND                       DOM
DAY   TEMP    HIGH   TIME     LOW    TIME      DAYS     DAYS    RAIN   SPEED    HIGH    TIME      DIR
----------------------------------------------------------------------------------------------------------------------------------------------------------
01    64.4   074.5   14:17    58.3   07:21     00.6     00.0   00.00   05.5     20.7    11:37     SSE
02    58.8   061.4   00:04    57.1   21:14     06.1     00.0   01.52   07.0     24.1    12:45     WNW
03    60.9   067.4   13:41    53.9   23:54     04.0     00.0   00.00   04.5     26.4    03:36     WNW
04    60.6   070.9   16:06    49.5   07:27     04.3     00.0   00.01   04.5     18.4    13:19     WNW
05    60.3   070.6   15:05    52.0   07:24     04.6     00.0   00.01   03.5     18.4    13:27     WNW
06    61.6   072.7   16:31    52.4   07:11     03.3     00.0   00.00   02.6     12.7    15:56     WNW
07    64.7   075.6   17:35    52.2   03:41     00.2     00.0   00.01   03.4     14.9    23:34     SSE
08    60.9   069.6   16:07    55.2   05:05     04.1     00.0   00.00   09.2     23.0    08:45     SSE
09    61.3   069.5   14:27    54.7   07:15     03.7     00.0   00.00   04.7     17.3    14:34      SE
10    64.0   075.9   15:02    55.6   04:06     00.9     00.0   00.00   14.4     43.7    11:42     ENE
11    61.0   076.2   13:16    49.5   23:54     03.9     00.0   00.00   11.3     38.0    04:09     NNE
12    56.8   066.7   14:33    43.4   05:07     08.2     00.0   00.00   04.2     18.4    16:02      NW
13    57.2   069.1   14:11    45.8   07:28     07.7     00.0   00.01   02.8     12.7    17:07     NNE
14    58.0   070.3   16:56    46.2   07:11     06.9     00.0   00.00   02.8     12.7    18:03     NNW
15    59.4   072.8   16:11    48.2   07:40     05.5     00.0   00.01   02.8     12.7    14:07     NNE
----------------------------------------------------------------------------------------------------------------------------------------------------------
60.7 (61.2)   76.2  day 11     43.4  day 12   064.0    000.0   01.57   05.5     43.7   day 10     NNE
Min <=  86: 15
Max Rain: 1.52 ON 2-09-14
Days of Rain: 6 (> .008in) 1 (> .08in) 1 (> 0.8in)