Daily noaa report
                            MONTHLY CLIMATOLOGICAL SUMMARY for OCT. 2014

NAME:    CITY:  STATE: 
ELEV:  LAT:  LONG: 

                            TEMPERATURE ( F), RAIN (in.), WIND SPEED (mph)

                                               HEAT     COOL           AVG
      MEAN                                     DEG      DEG            WIND                       DOM
DAY   TEMP    HIGH   TIME     LOW    TIME      DAYS     DAYS    RAIN   SPEED    HIGH    TIME      DIR
----------------------------------------------------------------------------------------------------------------------------------------------------------
01    57.7   063.8   17:13    52.2   23:59     07.2     00.0   00.00   04.2     14.9    13:44      S 
02    55.4   064.0   15:12    47.8   06:35     09.5     00.0   00.00   03.7     13.8    09:11      S 
03    55.5   064.0   12:11    47.8   07:39     09.4     00.0   00.00   02.8     14.9    03:58      NW
04    59.4   064.0   14:27    56.4   04:15     05.6     00.0   00.03   02.6     13.8    08:48     ESE
05    59.6   066.3   15:38    55.3   23:58     05.3     00.0   00.00   03.8     13.8    14:44      W 
06    58.2   063.1   13:13    54.6   02:38     06.8     00.0   00.00   03.1     13.8    11:49      N 
07    57.7   061.5   13:15    54.0   04:35     07.2     00.0   00.00   01.7     16.1    22:27     WNW
08    55.2   059.6   17:12    50.4   23:35     09.7     00.0   00.01   01.6     12.7    01:20     ESE
09    56.4   064.6   16:20    51.0   00:02     08.6     00.0   00.00   02.1     12.7    10:35     NNE
10    55.8   059.8   14:24    51.4   04:00     09.2     00.0   00.02   06.0     23.0    23:15      SE
11    58.5   065.9   15:43    54.6   23:53     06.4     00.0   00.27   08.2     24.1    04:27     SSE
12    55.9   059.6   16:32    51.6   06:04     09.1     00.0   00.08   05.1     18.4    23:47      SE
13    57.3   065.2   15:08    53.2   23:56     07.6     00.0   00.82   11.4     44.9    14:58     ESE
14    55.6   061.9   15:14    52.1   03:54     09.3     00.0   00.19   09.1     24.1    21:11      E 
15    54.4   056.4   13:35    52.4   07:05     10.5     00.0   00.34   10.7     27.6    10:16     ESE
16    57.6   065.6   15:06    54.6   00:13     07.3     00.0   00.00   13.7     36.8    04:02      E 
17    56.3   060.6   23:00    51.9   07:40     08.6     00.0   00.19   15.5     41.4    20:25      E 
18    61.1   067.5   15:25    57.7   07:01     03.8     00.0   00.00   09.8     26.4    00:03      SE
19    62.6   071.6   14:55    54.9   05:44     02.4     00.0   00.21   14.2     43.7    12:19     ESE
20    58.3   061.4   15:54    56.3   23:27     06.6     00.0   00.52   06.8     26.4    01:56     SSE
21    58.2   061.7   13:59    55.3   08:00     06.8     00.0   00.03   20.9     58.6    23:06      SE
22    56.6   060.3   00:01    54.8   00:00     08.3     00.0   00.49   19.7     57.5    01:47      SE
23    54.0   058.6   16:19    50.9   19:12     11.0     00.0   00.15   13.4     33.4    08:58      SE
24    52.7   059.0   14:47    48.6   09:15     12.3     00.0   00.02   08.7     25.3    18:45      NE
25    52.1   057.9   12:27    48.8   23:59     12.9     00.0   00.92   13.0     41.4    20:32     NNE
26    50.6   054.2   15:48    46.8   01:54     14.4     00.0   00.23   09.3     29.9    02:42      S 
27    50.1   056.5   14:18    45.8   05:57     14.8     00.0   00.04   08.1     27.6    23:37     ENE
28    56.0   058.7   17:17    51.2   00:13     09.0     00.0   00.27   21.0     49.5    06:23     ESE
29    56.5   061.5   12:48    52.1   23:00     08.5     00.0   00.07   11.9     25.3    00:00      E 
30    54.6   059.1   19:03    52.8   01:26     10.3     00.0   00.43   10.2     36.8    18:43     ENE
----------------------------------------------------------------------------------------------------------------------------------------------------------
56.3 (57.0)   71.6  day 19     45.8  day 27   258.3    000.0   05.37   09.1     58.7   day 21     ESE
Min <=  86: 30
Max Rain: 0.92 ON 25-10-14
Days of Rain: 21 (> .008in) 13 (> .08in) 2 (> 0.8in)