Daily noaa report
                            MONTHLY CLIMATOLOGICAL SUMMARY for APR. 2015

NAME:    CITY:  STATE: 
ELEV:  LAT:  LONG: 

                            TEMPERATURE ( F), RAIN (in.), WIND SPEED (mph)

                                               HEAT     COOL           AVG
      MEAN                                     DEG      DEG            WIND                       DOM
DAY   TEMP    HIGH   TIME     LOW    TIME      DAYS     DAYS    RAIN   SPEED    HIGH    TIME      DIR
----------------------------------------------------------------------------------------------------------------------------------------------------------
01    49.7   055.0   12:36    45.2   23:59     15.3     00.0   00.00   08.6     27.6    02:16      SE
02    49.7   056.7   15:59    44.2   00:52     15.3     00.0   00.01   05.5     19.6    13:21     SSE
05    48.8   053.4   11:06    46.0   03:38     16.1     00.0   00.00   09.9     43.7    12:49     WNW
06    48.8   056.0   16:08    41.4   03:10     16.1     00.0   00.00   07.0     21.9    05:14     SSE
07    49.3   056.3   14:31    42.0   01:39     15.7     00.0   00.00   05.6     18.4    12:54      NW
08    49.9   059.8   18:07    40.2   06:40     15.0     00.0   00.00   03.6     14.9    23:03      W 
09    52.9   062.2   15:33    46.4   07:36     12.0     00.0   00.00   06.3     20.7    03:33      SE
10    51.1   056.6   16:17    46.4   07:38     13.9     00.0   00.02   12.6     51.8    17:14     SSE
11    48.5   054.5   15:32    44.4   09:51     16.4     00.0   00.04   19.1     40.3    09:30      SW
12    49.0   056.2   14:33    45.1   05:31     16.0     00.0   00.02   10.3     32.2    00:50     SSW
13    46.7   050.2   13:44    44.3   06:58     18.2     00.0   00.13   10.8     36.8    13:37     ESE
14    49.0   056.6   14:31    44.3   03:27     15.9     00.0   00.01   12.4     36.8    02:22      SW
15    49.4   057.7   14:31    41.1   04:19     15.5     00.0   00.00   06.3     18.4    12:06     SSE
16    49.4   061.1   16:48    38.8   05:49     15.5     00.0   00.00   03.7     13.8    14:42      W 
17    52.7   062.9   15:21    44.6   03:02     12.3     00.0   00.00   05.5     25.3    23:43     WNW
18    52.7   060.3   15:13    46.4   00:00     12.3     00.0   00.00   07.6     24.1    00:38     WNW
19    51.3   060.3   14:52    42.6   06:41     13.6     00.0   00.00   03.3     17.3    13:32     WNW
20    53.3   063.1   15:38    44.1   06:38     11.6     00.0   00.00   03.3     17.3    23:50      W 
21    54.3   063.9   12:41    48.7   00:00     10.7     00.0   00.10   11.5     32.2    19:41     SSE
22    51.8   059.1   16:27    46.8   04:46     13.1     00.0   00.00   08.3     24.1    19:04      S 
23    48.9   051.6   18:54    46.8   22:56     16.0     00.0   00.11   12.0     32.2    12:42      SE
----------------------------------------------------------------------------------------------------------------------------------------------------------
50.3 (51.0)   63.9  day 21     38.8  day 16   306.6    000.0   00.50   08.3     51.8   day 10     SSW
Min <=  86: 21
Max Rain: 0.13 ON 13-04-15
Days of Rain: 8 (> .008in) 3 (> .08in) 0 (> 0.8in)